ulate y(7).
-7
Let k(v) = v**3 + 4*v**2 - 7*v - 6. Suppose -41*m - 12 = -1 + 194. Give k(m).
4
Let i(c) be the third derivative of 2*c**2 + 0*c - 1/30*c**5 - 19/24*c**4 + 0 - 1/180*c**6 + 0*c**3. Let t(r) be the second derivative of i(r). Give t(-3).
8
Let g(p) = p - 22. Let q be g(22). Let d = 3 + q. Let f(a) = a**3 + d*a - 2*a**3 + 11 - 7. Calculate f(3).
-14
Let m(y) = y**3 - 4*y**2 + 4*y. Let o(l) = 8*l - 252. Let z be o(34). Let g be -4 - -11 - (z - 16). Calculate m(g).
3
Let p(w) = 14*w + 26 - 7 + 22*w**2 + 19*w**2 - w**3 - 45*w**2. Determine p(-8).
163
Let a(h) = -6*h**3 + h**2 + 2*h + 1. Let v be (-38)/(-4) - (-1)/(-2). Suppose -v*r = -0*r - 63. Let d(s) = s - 8. Let w be d(r). Give a(w).
6
Let q = 9118 - 9125. Let n(g) = g**2 + 26*g + 130. Give n(q).
-3
Let f(s) = -114 - 134 + 235 - 9*s. Give f(-3).
14
Let x be (-2)/2*-4 - 13/65*10. Let l(r) = 10*r + 5. Determine l(x).
25
Let i be 0 + 5 + -5 + -73. Let h = 75 + i. Let z(a) = 7*a + 0*a - a**h + a - 6*a. Give z(2).
0
Let x(f) = f**3 + 3*f**2 - 16*f + 11. Let b be x(2). Let p(s) = -40*s - 43. What is p(b)?
-3
Let k(b) = -5*b**3 - 11*b**2 - 60*b + 5. Let u(r) = -4*r**3 - 11*r**2 - 48*r + 7. Let i(f) = -3*k(f) + 4*u(f). Give i(-10).
33
Let m(u) = 4*u**3 + 3*u**2 - 32*u + 6. Let f(k) = -10*k**2 - 8*k + 33*k**2 + 4 - 14*k**2 + k**3 - 2 - 8*k**2. Let p(r) = 9*f(r) - 2*m(r). Determine p(-5).
-4
Let q be ((-10)/(-6))/(4/(-84)*-7). Let c(l) = -l + 5*l - q*l + 3. Calculate c(7).
-4
Suppose -7*u + 0*u = 4060. Let v = 571 + u. Let w(q) = q**3 + 10*q**2 + 9*q - 4. Give w(v).
-4
Let b(n) = n**2 + 2. Let t(v) be the third derivative of v**5/12 + 3*v**4/4 - 75*v**2. Let r(k) = -4*b(k) + t(k). Give r(-18).
-8
Let w(k) = 9*k**3 - k**2 - k + 1. Suppose 4*x - 337 = -269. Suppose -7*y + 4*y = -5*i + 17, -3*i = 5*y - x. Give w(y).
8
Let d(f) = 20*f - 20. Let h(c) = -11*c + 10. Let l(g) = -3*d(g) - 5*h(g). Let w(p) = 9*p - 22. Let q(v) = -7*l(v) - 4*w(v). Calculate q(9).
9
Let f(r) = -2*r + 2. Let t be f(-2). Let u be (12 - 17)*9/(-15). Let m(b) = 15*b**2 - 31*b**2 - u - 3 + 15*b**2 + 6*b. Give m(t).
-6
Suppose 3*t = 48 - 6. Suppose 20 + 8 = -t*c. Let w(d) = -d + 1. Give w(c).
3
Suppose 3*x = -0*x + 6. Let w be (-10 + 0)*x/4. Let o(c) = -41*c - 17. Let j(l) = -19*l - 8. Let z(v) = -13*j(v) + 6*o(v). What is z(w)?
-3
Let j(w) = -w**2 + 5*w + 5. Let l be j(5). Let t(u) = -228*u**2 + 7*u + 11. Let g(z) = -373*z**2 + 11*z + 18. Let m(d) = 11*g(d) - 18*t(d). Determine m(l).
0
Let l(d) = d**3 + 125*d**2 - 117*d + 1131. Let r be l(-126). Let w(u) = 12*u**2 + 6*u + 6. Determine w(r).
96
Let a(u) = -2*u**3 - 4*u**2 - 10*u - 1. Let n = -14517 + 14514. Calculate a(n).
47
Suppose -4*q + 15 = -a, a = 9*q - 4*q - 18. Let f(p) be the first derivative of p**3/3 + p**2 + 4*p - 17. Determine f(q).
19
Let j = -67 - -69. Suppose -3*u + 2*c = -11, c - 3 = -5*u - j. Let h(w) = -3*w - 5 + 2 + 4. Calculate h(u).
-2
Let o = 4 + -1. Let l(s) be the first derivative of 1/4*s**4 - 2*s**2 - 1/3*s**3 + 3*s - 126. What is l(o)?
9
Let i(l) be the first derivative of -l**2/2 - 44*l + 167. Give i(-6).
-38
Let j be (-42)/819 - (1084/(-39))/(-4). Let d(z) = -2*z**2 - 4*z - 4. Give d(j).
-74
Let y(t) = -t**2 + 4*t + 1. Let u = -208 - -213. Suppose -25 = -5*b - 0*r + u*r, -3*b + 13 = -r. What is y(b)?
1
Let g(b) = 3*b**3 + 7*b**2 - 4. Let t be g(-4). Let j be -57*(-4)/t - (-2)/(-7). Let m(s) = -s**2 - s + 1. Determine m(j).
-5
Let m(i) = -17*i**2 + 8*i - 64. Let v(h) = -20*h**2 + 9*h - 66. Let g(w) = -7*m(w) + 6*v(w). Determine g(7).
-11
Let p(t) = -t**3 + 7*t**2 + t - 2. Suppose -138*w = -133*w - 10. Suppose -2*b - o + 13 = -0*o, -9 = -b + w*o. Calculate p(b).
5
Let q(i) = i**3 + 4*i**2 - 3*i + 2. Let o be 3/5 + (-7)/(-5). Suppose -o*g - 22 = 5*h, 28*h + 3*g - 13 = 32*h. Give q(h).
14
Let q(u) = -u**2 - 2*u - 3. Let o(t) = 2*t**2 + 39*t + 24. Let b be o(-19). Let g be ((-45)/b + 6)*(-6)/(-9). Give q(g).
-3
Let k(u) = 5*u - 1. Let m(l) = 2*l + 3. Let c be m(-1). Suppose 0 = -h - 3*g + c, -2*g = 3*h - 0*g - 10. What is k(h)?
19
Let w(y) be the first derivative of -y**4/4 - 7*y**3 - 11*y**2 + 21*y - 3923. What is w(-20)?
61
Let c be (-9)/(-15) - 1521/585. Let a(q) = 4*q**3 - 3 - 3*q**3 + q - 3*q**2 - 14*q + 10*q. Determine a(c).
-17
Let l = -40328 - -40329. Let j(b) = -4*b**3 - 3*b**2 + 10*b - 5. Calculate j(l).
-2
Let a(k) = -k + 87 - 2*k - 91 + 0*k. Let s be (8/4)/(6/(-12)). Calculate a(s).
8
Suppose 3*k + 96 = 4*c, 2*c = 4*k - 0 + 58. Let a(f) = 13 + c*f - 10*f - 10*f - 6. Determine a(-6).
1
Let z(x) be the first derivative of 6*x + 67 + 7/2*x**2 - 1/3*x**3. Let r(f) = f**2 + 6. Let i be r(0). Give z(i).
12
Let k(c) = -c**3 - 9*c**2 + 11*c + 13. Suppose 0 = 55*x + 400 + 150. Determine k(x).
3
Let f(z) = -44788 + 22391 + 47*z + 22393. What is f(-1)?
-51
Let l(j) be the second derivative of j**4/12 - j**3/6 + 4423*j. Determine l(-3).
12
Let x(n) = -412 + 403 - 6*n + 11. Give x(9).
-52
Let y be 2 - ((-3)/(-6))/(9/126). Let m(r) be the first derivative of 2*r**3 - 9 + 7/2*r**2 - r + 1/4*r**4. Give m(y).
-11
Let c(r) = 5*r + 11. Let u = 5086 + -5085. What is c(u)?
16
Let h be (-24)/2*(1 - 2). Let z = -18610 + 18613. Suppose z*p + 3*p = -h. Let k(s) = -s**3 - s**2 - 3*s - 3. Give k(p).
7
Suppose 7*c + 11 = 8*c + 19. Let b(p) = -13*p - 121. Calculate b(c).
-17
Let a(l) be the second derivative of -2*l**3/3 + 3*l**2/2 + l. Suppose 26 = 5*y - 2*z, -4*y - 5785 = 2*z - 5777. Calculate a(y).
-5
Let f(n) = 161 + 60*n + 49*n + 21*n - 119*n. Give f(-14).
7
Let q(n) = -n - 16. Let f be q(-20). Suppose 6*j - f = 4*j. Let b(s) = 5 + 22*s**2 + 2*s**3 - 30*s**j - 3*s**3. Give b(-8).
5
Let m(v) = 11*v**2 - 174*v - 34. Let p be m(16). Let f(x) be the third derivative of x**5/20 + x**3/6 - 15*x**2. Give f(p).
13
Let l = 881 + -875. Suppose 75*b + l = 77*b. Let h(u) = u - 7. Calculate h(b).
-4
Suppose -27*x + 40*x - 195 = 0. Suppose -x*v - 65 = 70. Let b(i) = 4*i + 12. What is b(v)?
-24
Let j(a) = -a - a + 13*a**3 - 5 + 4. Let s = -617 - -677. Suppose 4*u - 67 = -5*w - s, 0 = -3*w - 3*u + 6. What is j(w)?
-12
Suppose 0 = o - 3, 0 = 5*r + 5*o - 5 - 25. Let c(w) = -w**r + 144*w - 17 + 140*w - 11*w**2 - 275*w. What is c(-12)?
19
Suppose -4*d - 4*p = p + 13, 0 = 3*p + 15. Let z(m) = -7 - d*m + 4*m + 4*m + m**2 + 0*m. Suppose -3*g = -4*g - 6. What is z(g)?
-1
Suppose -5*t = -4*r - 7 - 12, -2*r - 3*t - 15 = 0. Let c be 136/(-12) - 2/r. Let w(l) = -l - 4. Give w(c).
7
Let h(u) = 2 - 11*u + 5*u + 5*u**2 + 7*u - 4. Let s(q) be the third derivative of -7*q**4/24 - 3*q**3/2 - 22*q**2. Let x be s(-1). Give h(x).
16
Let x(m) = -2*m**3 - 53*m**2 - 25*m + 22. Let i(l) = -l**2 + 36*l - 181. Let u be i(5). Determine x(u).
-4
Let r(x) be the first derivative of 8 + 1/6*x**3 - 1/24*x**6 - 1/30*x**5 + 9*x**2 + 0*x + 0*x**4. Let s(t) be the second derivative of r(t). Determine s(1).
-6
Let x(c) = -29*c - 562. Let p(y) = -9*y - 194. Let k(b) = -11*p(b) + 4*x(b). What is k(-6)?
-12
Let a(p) be the first derivative of 3*p**2/2 - 2*p + 1. Let z = 154 + -136. Suppose z*g = 11*g + 21. What is a(g)?
7
Let q be 6/8*2*-6. Let z(p) = 5*p - 39. Let b(j) = 2*j - 78. Let n(a) = -a + 52. Let g(h) = -5*b(h) - 7*n(h). Let d(c) = -8*g(c) - 5*z(c). Calculate d(q).
-4
Suppose -4 = -g, -3*z - 2*z - g + 19 = 0. Suppose r - 144 = -z*r. Let s be 18/r + 13/(-2). Let q(m) = -m**3 - 6*m**2 - 5*m - 9. What is q(s)?
21
Suppose 0 = -2*h + 4*h - 10, -4*r + 2*h + 46 = 0. Let i(b) = -10*b + 128. Let q be i(r). Let n(s) = s**2 + 14*s + 27. What is n(q)?
3
Suppose -7 = -p + 2*p - 3*d, -4*p + 11 = d. Let h(i) = -2*i**2 - 3 - 8*i + p*i**2 + 3*i**2 - 2*i**2. Calculate h(7).
-10
Let i(b) = -3 + b**3 - 3*b**2 - 4*b**2 + 0 - 8 + 6*b + 6. Suppose -3*s + 2*r + 18 = 0, -2*r = 3*s + 2*r - 18. Calculate i(s).
-5
Let o(u) = 25*u**2 - 223*u - 51. Let z(n) = -9*n**2 + 76*n + 17. Let c(l) = 6*o(l) + 17*z(l). What is c(-15)?
-2
Let n(l) = -4*l**3 + 3*l**2 - 4*l + 3. Let x = -238 + 243. Suppose -2*z + 14 = 2*d, -4*d - 3 + 13 = -x*z. Give n(z).
-25
Let g(q) = q**3 - 10*q**2 - 12*q + 11. Let b(a) = -212*a + 859. Let f be b(4). What is g(f)?
0
Let f(t) be the third derivative of -t**5/20 - t**4/4 - 7*t**3/3 + 8*t**2 + 35*t - 1. Determine f(-4).
-38
Let d(p) = -p**2 + 8*p - 4. Let o(s) = -3*s + 43 - 20 - 16 + 0*s - 5*s. Let w be o(0). Wha